373 is divided by 40?
13
What is the remainder when 10318141 is divided by 16?
13
What is the remainder when 744244 is divided by 292?
228
Calculate the remainder when 42468063 is divided by 5308505.
23
Calculate the remainder when 942257 is divided by 110.
107
What is the remainder when 1887855 is divided by 63?
60
What is the remainder when 108946 is divided by 109?
55
Calculate the remainder when 388314 is divided by 194121.
72
What is the remainder when 13087413 is divided by 4362470?
3
What is the remainder when 176733 is divided by 35295?
258
Calculate the remainder when 115824585 is divided by 82.
77
What is the remainder when 1072672 is divided by 373?
297
What is the remainder when 1789268 is divided by 894570?
128
Calculate the remainder when 7887429 is divided by 1314569.
15
Calculate the remainder when 15927002 is divided by 284.
282
What is the remainder when 252959877 is divided by 1049626?
11
Calculate the remainder when 886901 is divided by 221528.
789
Calculate the remainder when 1113633 is divided by 228.
81
Calculate the remainder when 138869 is divided by 111.
8
What is the remainder when 957261 is divided by 1598?
59
Calculate the remainder when 14133563 is divided by 140.
3
What is the remainder when 144181 is divided by 479?
2
Calculate the remainder when 25323784 is divided by 127.
111
Calculate the remainder when 2701918 is divided by 70.
58
Calculate the remainder when 125298 is divided by 2719.
224
What is the remainder when 9469927 is divided by 2498?
9
Calculate the remainder when 23489726 is divided by 1815.
1811
What is the remainder when 19791 is divided by 36?
27
Calculate the remainder when 58676117 is divided by 291.
41
What is the remainder when 12310548 is divided by 6155269?
10
Calculate the remainder when 13029046 is divided by 1039.
1025
Calculate the remainder when 636442 is divided by 212142.
16
What is the remainder when 615310 is divided by 676?
150
What is the remainder when 135359193 is divided by 173?
14
What is the remainder when 72793082 is divided by 182?
180
What is the remainder when 52238 is divided by 24150?
3938
What is the remainder when 3437345 is divided by 1718665?
15
What is the remainder when 1014746 is divided by 3327?
11
What is the remainder when 601975 is divided by 22291?
118
What is the remainder when 11116764 is divided by 1111675?
14
Calculate the remainder when 2256196 is divided by 173551.
33
What is the remainder when 31026985 is divided by 6205371?
130
What is the remainder when 321962 is divided by 4040?
2802
Calculate the remainder when 731399 is divided by 365649.
101
What is the remainder when 1611551 is divided by 931?
921
What is the remainder when 15694780 is divided by 5231590?
10
Calculate the remainder when 96878 is divided by 482.
478
Calculate the remainder when 240949 is divided by 54.
1
What is the remainder when 307100 is divided by 80?
60
What is the remainder when 3045741 is divided by 6813?
330
What is the remainder when 110021200 is divided by 3603?
3595
What is the remainder when 1166994 is divided by 48624?
18
Calculate the remainder when 33835437 is divided by 135.
117
What is the remainder when 10382048 is divided by 6668?
6640
What is the remainder when 5910704 is divided by 239?
234
What is the remainder when 5064735 is divided by 46?
43
Calculate the remainder when 6218944 is divided by 200.
144
Calculate the remainder when 4217146 is divided by 29.
24
What is the remainder when 289733610 is divided by 7632?
7626
What is the remainder when 5635039 is divided by 2817511?
17
What is the remainder when 3707991 is divided by 39?
27
Calculate the remainder when 6951364 is divided by 320.
4
Calculate the remainder when 49037 is divided by 145.
27
Calculate the remainder when 7322419 is divided by 1830580.
99
What is the remainder when 4913866 is divided by 132?
34
What is the remainder when 3518030 is divided by 751?
346
What is the remainder when 93074 is divided by 130?
124
Calculate the remainder when 318817 is divided by 159098.
621
Calculate the remainder when 3075086 is divided by 856.
334
What is the remainder when 204384424 is divided by 467?
6
Calculate the remainder when 783001 is divided by 5632.
153
Calculate the remainder when 110051519 is divided by 4020.
4019
What is the remainder when 8741628 is divided by 673?
31
What is the remainder when 159195 is divided by 1502?
1485
Calculate the remainder when 179057198 is divided by 32.
14
What is the remainder when 68943906 is divided by 37?
30
Calculate the remainder when 161519 is divided by 53704.
407
Calculate the remainder when 68936 is divided by 10986.
3020
What is the remainder when 3765314 is divided by 221?
137
Calculate the remainder when 50908815 is divided by 13.
9
Calculate the remainder when 73700 is divided by 8632.
4644
Calculate the remainder when 53584 is divided by 1946.
1042
What is the remainder when 219679115 is divided by 1144162?
11
Calculate the remainder when 462087 is divided by 417.
51
Calculate the remainder when 9169732 is divided by 652.
4
Calculate the remainder when 1622563 is divided by 77261.
82
Calculate the remainder when 81557 is divided by 8962.
899
Calculate the remainder when 673111 is divided by 1974.
1951
Calculate the remainder when 53656 is divided by 90.
16
Calculate the remainder when 227515090 is divided by 84.
82
What is the remainder when 695099 is divided by 68?
3
Calculate the remainder when 93889011 is divided by 10.
1
Calculate the remainder when 298195 is divided by 8294.
7905
Calculate the remainder when 91228 is divided by 4540.
428
What is the remainder when 4741921 is divided by 1693?
1521
Calculate the remainder when 29598 is divided by 4355.
3468
Calculate the remainder when 123806 is divided by 63.
11
Calculate the remainder when 78613 is divided by 1850.
913
What is the remainder when 1385325 is divided by 1084?
1057
Calculate the remainder when 816820 is divided by 1092.
4
Calculate the remainder when 71262 is divided by 2970.
2952
What is the remainder when 64779181 is divided by 35?
26
What is the remainder when 18255250 is divided by 223?
24
What is the remainder when 37695 is divided by 2172?
771
Calculate the remainder when 3523873 is divided by 1158.
79
What is the remainder when 12356494 is divided by 902?
898
What is the remainder when 207107 is divided by 14764?
411
What is the remainder when 32870 is divided by 964?
94
What is the remainder when 8447070 is divided by 326?
84
Calculate the remainder when 595566 is divided by 31344.
30
Calculate the remainder when 159733 is divided by 250.
233
What is the remainder when 111920 is divided by 955?
185
Calculate the remainder when 40454676 is divided by 687.
681
What is the remainder when 51009635 is divided by 158415?
5
Calculate the remainder when 24555829 is divided by 792123.
16
What is the remainder when 3796703 is divided by 84?
71
Calculate the remainder when 822897 is divided by 273771.
1584
What is the remainder when 16776 is divided by 1003?
728
What is the remainder when 64307 is divided by 868?
75
Calculate the remainder when 2765981 is divided by 30733.
11
What is the remainder when 84089 is divided by 12012?
5
Calculate the remainder when 1295657 is divided by 54.
35
What is the remainder when 6057047 is divided by 7432?
7399
What is the remainder when 1397112 is divided by 94?
84
Calculate the remainder when 1630533 is divided by 217.
212
Calculate the remainder when 297737 is divided by 49584.
233
What is the remainder when 1783965 is divided by 1783931?
34
Calculate the remainder when 34705 is divided by 771.
10
What is the remainder when 5524692 is divided by 98?
40
Calculate the remainder when 1778808 is divided by 889377.
54
What is the remainder when 1265792 is divided by 1681?
1680
What is the remainder when 2282085 is divided by 2849?
36
What is the remainder when 11609 is divided by 251?
63
Calculate the remainder when 13366847 is divided by 52.
39
Calculate the remainder when 35995 is divided by 3066.
2269
What is the remainder when 171202 is divided by 1230?
232
Calculate the remainder when 8084654 is divided by 10195.
19
What is the remainder when 3147168 is divided by 65555?
528
Calculate the remainder when 15435705 is divided by 62.
61
What i